, 5, 1867
What are the prime factors of 2347?
2347
List the prime factors of 475.
5, 19
What are the prime factors of 322?
2, 7, 23
List the prime factors of 1253.
7, 179
What are the prime factors of 2418?
2, 3, 13, 31
What are the prime factors of 7141?
37, 193
What are the prime factors of 2080?
2, 5, 13
List the prime factors of 19247.
19, 1013
List the prime factors of 405.
3, 5
List the prime factors of 17214.
2, 3, 19, 151
List the prime factors of 15162.
2, 3, 7, 19
What are the prime factors of 746?
2, 373
What are the prime factors of 1084?
2, 271
What are the prime factors of 1821?
3, 607
List the prime factors of 4397.
4397
List the prime factors of 30275.
5, 7, 173
What are the prime factors of 1475?
5, 59
List the prime factors of 44538.
2, 3, 13, 571
List the prime factors of 4995.
3, 5, 37
List the prime factors of 2687.
2687
List the prime factors of 136769.
136769
What are the prime factors of 3274?
2, 1637
List the prime factors of 74941.
74941
List the prime factors of 175.
5, 7
List the prime factors of 5005.
5, 7, 11, 13
List the prime factors of 3262.
2, 7, 233
What are the prime factors of 2488?
2, 311
What are the prime factors of 3490?
2, 5, 349
List the prime factors of 28577.
17, 41
List the prime factors of 4317.
3, 1439
What are the prime factors of 37029?
3, 12343
What are the prime factors of 743?
743
What are the prime factors of 14221?
14221
List the prime factors of 67717.
13, 5209
List the prime factors of 2732.
2, 683
List the prime factors of 7142.
2, 3571
What are the prime factors of 72272?
2, 4517
List the prime factors of 7378.
2, 7, 17, 31
What are the prime factors of 204?
2, 3, 17
List the prime factors of 5032.
2, 17, 37
What are the prime factors of 1056?
2, 3, 11
List the prime factors of 1495.
5, 13, 23
What are the prime factors of 6956?
2, 37, 47
What are the prime factors of 5768?
2, 7, 103
List the prime factors of 91111.
179, 509
What are the prime factors of 269?
269
List the prime factors of 31793.
31793
List the prime factors of 103744.
2, 1621
What are the prime factors of 132?
2, 3, 11
List the prime factors of 8839.
8839
What are the prime factors of 7633?
17, 449
What are the prime factors of 5627?
17, 331
What are the prime factors of 58056?
2, 3, 41, 59
List the prime factors of 993.
3, 331
List the prime factors of 4140.
2, 3, 5, 23
What are the prime factors of 1924?
2, 13, 37
List the prime factors of 32228.
2, 7, 1151
What are the prime factors of 4814?
2, 29, 83
What are the prime factors of 1179?
3, 131
List the prime factors of 92802.
2, 3, 15467
List the prime factors of 52216.
2, 61, 107
List the prime factors of 200.
2, 5
What are the prime factors of 2404?
2, 601
List the prime factors of 10554.
2, 3, 1759
What are the prime factors of 12318?
2, 3, 2053
List the prime factors of 1752.
2, 3, 73
List the prime factors of 3693.
3, 1231
List the prime factors of 8764.
2, 7, 313
List the prime factors of 46934.
2, 31, 757
What are the prime factors of 18202?
2, 19, 479
List the prime factors of 46804.
2, 11701
List the prime factors of 32881.
131, 251
List the prime factors of 4227.
3, 1409
What are the prime factors of 107168?
2, 17, 197
What are the prime factors of 36643?
36643
What are the prime factors of 846?
2, 3, 47
What are the prime factors of 298?
2, 149
What are the prime factors of 715?
5, 11, 13
What are the prime factors of 529?
23
List the prime factors of 569.
569
List the prime factors of 1706.
2, 853
What are the prime factors of 4971?
3, 1657
What are the prime factors of 492?
2, 3, 41
List the prime factors of 6846.
2, 3, 7, 163
List the prime factors of 2028.
2, 3, 13
List the prime factors of 62540.
2, 5, 53, 59
What are the prime factors of 3980?
2, 5, 199
What are the prime factors of 433?
433
What are the prime factors of 8775?
3, 5, 13
What are the prime factors of 524?
2, 131
List the prime factors of 246.
2, 3, 41
List the prime factors of 2302.
2, 1151
List the prime factors of 8277.
3, 31, 89
What are the prime factors of 865?
5, 173
List the prime factors of 95854.
2, 11, 4357
List the prime factors of 5548.
2, 19, 73
List the prime factors of 441.
3, 7
List the prime factors of 262.
2, 131
What are the prime factors of 1924?
2, 13, 37
List the prime factors of 32032.
2, 7, 11, 13
List the prime factors of 27070.
2, 5, 2707
List the prime factors of 177191.
7, 17, 1489
What are the prime factors of 1131?
3, 13, 29
List the prime factors of 13550.
2, 5, 271
What are the prime factors of 5147?
5147
What are the prime factors of 4514?
2, 37, 61
What are the prime factors of 11738?
2, 5869
List the prime factors of 1014.
2, 3, 13
List the prime factors of 1956.
2, 3, 163
List the prime factors of 88001.
88001
What are the prime factors of 2766?
2, 3, 461
List the prime factors of 2667.
3, 7, 127
List the prime factors of 353.
353
What are the prime factors of 3863?
3863
What are the prime factors of 1616?
2, 101
List the prime factors of 451.
11, 41
List the prime factors of 21544.
2, 2693
List the prime factors of 772.
2, 193
List the prime factors of 7448.
2, 7, 19
What are the prime factors of 540?
2, 3, 5
List the prime factors of 107943.
3, 11, 3271
What are the prime factors of 4181?
37, 113
What are the prime factors of 5248?
2, 41
What are the prime factors of 12528?
2, 3, 29
List the prime factors of 4429.
43, 103
What are the prime factors of 2544?
2, 3, 53
List the prime factors of 10370.
2, 5, 17, 61
List the prime factors of 414.
2, 3, 23
What are the prime factors of 2679?
3, 19, 47
What are the prime factors of 146388?
2, 3, 11, 1109
What are the prime factors of 86177?
7, 13, 947
What are the prime factors of 4483?
4483
What are the prime factors of 280?
2, 5, 7
What are the prime factors of 8?
2
List the prime factors of 1103.
1103
What are the prime factors of 12368?
2, 773
List the prime factors of 1560.
2, 3, 5, 13
What are the prime factors of 1088?
2, 17
What are the prime factors of 40958?
2, 20479
List the prime factors of 1510.
2, 5, 151
List the prime factors of 55489.
7, 7927
List the prime factors of 311.
311
List the prime factors of 31156.
2, 7789
List the prime factors of 90643.
7, 23, 563
What are the prime factors of 1277?
1277
List the prime factors of 17310.
2, 3, 5, 577
List the prime factors of 37306.
2, 23, 811
What are the prime factors of 29327?
29327
List the prime factors of 933.
3, 311
What are the prime factors of 1373?
1373
List the prime factors of 3574.
2, 1787
List the prime factors of 39052.
2, 13, 751
What are the prime factors of 62888?
2, 7, 1123
What are the prime factors of 4419?
3, 491
What are the prime factors of 12504?
2, 3, 521
List the prime factors of 15835.
5, 3167
What are the prime factors of 84106?
2, 11, 3823
What are the prime factors of 2669?
17, 157
What are the prime factors of 6485?
5, 1297
What are the prime factors of 393?
3, 131
What are the prime factors of 2022?
2, 3, 337
List the prime factors of 7663.
79, 97
List the prime factors of 26899.
37, 727
List the prime factors of 49050.
2, 3, 5, 109
What are the prime factors of 2709?
3, 7, 43
What are the prime factors of 3435?
3, 5, 229
What are the prime factors of 4720?
2, 5, 59
List the prime factors of 14350.
2, 5, 7, 41
List the prime factors of 13930.
2, 5, 7, 199
What are the prime factors of 31884?
2, 3, 2657
List the prime factors of 2447.
2447
List the prime factors of 11512.
2, 1439
What are the prime factors of 107131?
149, 719
List the prime factors of 76231.
76231
List the prime factors of 8180.
2, 5, 409
What are the prime factors of 10939?
10939
What are the prime factors of 11843?
13, 911
What are the prime factors of 16391?
37, 443
List the prime factors of 18447.
3, 11, 13, 43
List the prime factors of 25655.
5, 7, 733
List the prime factors of 2019.
3, 673
List the prime factors of 1808.
2, 113
What are the prime factors of 645?
3, 5, 43
List the prime factors of 35060.
2, 5, 1753
What are the prime factors of 1030?
2, 5, 103
List the prime factors of 40335.
3, 5, 2689
List the prime factors of 5328.
2, 3, 37
What are the prime factors of 976?
2, 61
What are the prime factors of 29255?
5, 5851
List the prime factors of 382.
2, 191
List the prime factors of 2308.
2, 577
List the prime factors of 31324.